uppose s - 5*s - 14 = -2*n, 18 = -3*s + 3*n. Let d(m) = 26*m**3 - 2*m**2 - m. Determine d(s).
-27
Let w(z) be the third derivative of -z**7/2520 + z**6/720 - z**5/120 - 3*z**4/8 - 2*z**2. Let k(f) be the second derivative of w(f). What is k(1)?
-1
Let t(s) = s**3 - 9*s + 1. Suppose c = -c + 6. Let i be t(c). Let k(v) = -27*v**3 - v**2. Give k(i).
-28
Let f(r) = -r**2 - 8*r + 5. Let q(u) = 35*u**3 + 4 - 36*u**3 + 4*u + 4*u**2 + 2*u. Let n be q(5). Suppose m + n = -2*b, -b + 0*m - 3 = m. What is f(b)?
17
Let o(x) be the third derivative of -x**7/5040 - x**6/144 + x**5/6 - 8*x**2. Let l(q) be the third derivative of o(q). Give l(-5).
0
Let u(o) = 2*o**3 - 14*o**2 - o - 1. Let b be u(7). Let j(v) = 3*v**2 - 12*v - 8. Let c(k) = -k**2 + k. Let z(a) = -4*c(a) - j(a). What is z(b)?
8
Let f = -7 + 3. Let w(j) = -j - 1. Let b be w(-3). Let m(x) = 7*x**2 + 17*x + 6. Let v(d) = -3*d**2 - 8*d - 3. Let q(p) = b*m(p) + 5*v(p). What is q(f)?
5
Let l(a) = -a**2 + 12*a - 31. Let z be l(6). Suppose o = -z*y - 11, -4*y = -4*o - 0*o + 28. Let n(c) = -c**2 + 3*c - 6. Calculate n(o).
-10
Let j(c) = -c + 11. Let f = -595 + 595. Give j(f).
11
Let n(k) = k**3 - 6*k**2 + 9*k - 3. Let m be n(2). Let y(g) = -5*g**3. Calculate y(m).
5
Let r(y) = -y**2 + y - 1. Suppose -10 + 25 = 3*z. Let q be 4/(-6) + 26/(-6). Let l be q/(z/2) + 3. What is r(l)?
-1
Let h(u) be the first derivative of u**3/3 + 11*u**2/2 + 13*u + 139. Let y = 9 + -18. What is h(y)?
-5
Let u be ((-1)/(-2) + -2)/((-9)/18). Suppose u*p = 2 - 17. Let b(i) = i - 1. Determine b(p).
-6
Let f(g) = g**2 + 8*g - 15. Suppose 3*a - 40 = 4*y, -y + 2*a + a - 10 = 0. Give f(y).
5
Let z = 61 + -54. Suppose 14*n = z*n - 42. Let k(w) = -w**3 - 7*w**2 - 7*w - 3. Give k(n).
3
Let l(x) = 2*x**2 - 20*x + 6. Suppose 0 = -16*o + 207 - 47. Determine l(o).
6
Let n(j) = 14*j + 91. Let b be n(-6). Let g(t) = -t**3 + 6*t**2 + 3*t + 9. Give g(b).
-19
Let b be 1463/(-539) + 6/(-21). Let t(n) be the first derivative of -n**4/8 + n**3/2 - n**2/2 + 1. Let d(k) be the second derivative of t(k). Give d(b).
12
Let k(i) = -3*i + 7. Let a(d) = -5 - 2*d + 0 + 6*d - 5. Let r(b) = -5*a(b) - 7*k(b). Let q be r(4). Let x(o) = -o**3 + 5*o**2 - o - 3. What is x(q)?
-8
Let r(l) = -2*l**3 - 4*l**2 - l + 2. Let x be 1 - -4*12/(-16). Let g be r(x). Suppose 0*z + 2 = -2*z + 5*b, 0 = -2*b - g. Let p(n) = n + 8. What is p(z)?
2
Let p(g) = -g**2 + 3*g - 17. Let l(b) = -3. Let h(d) = -6*l(d) + p(d). What is h(2)?
3
Suppose 5*a - 35 = 3*w - 123, -4*a + 64 = 4*w. Let f be (w/(-35))/((-2)/(-10)). Let i(t) = -2*t - 2. What is i(f)?
4
Let s(y) = -21 - 10*y**2 + 21. Suppose 3*b - 31 = 41. Let k = b + -23. Give s(k).
-10
Let k be 11*7/(-14)*-2. Let z(t) = -t + 14. What is z(k)?
3
Let m(p) = -p**2. Let d(g) = -2*g**2 + g - 1. Let w(b) = 2*d(b) - 3*m(b). Let i be 0/(3 - 1) + 30. Let y = -27 + i. What is w(y)?
-5
Let z(x) = 5*x. Let o(f) = 2*f**3 - 31*f**2 - 15*f - 9. Let d be o(16). Give z(d).
35
Suppose 24 = 7*b - 3*b. Let q(a) be the third derivative of -a**6/120 + a**5/12 + 5*a**4/24 + a**3 - 431*a**2. Determine q(b).
0
Let s(u) = -u**3 + 3*u**2 - 4*u - 7. Let z(c) = c**3 - 2*c**2 + 4*c + 6. Let k(x) = -5*s(x) - 6*z(x). Let g(r) = 2*r + 17. Let a be g(-10). Give k(a).
11
Let q = 15 - 15. Let i be 64/(-24)*(-12)/(-2). Let u be q*2*(-4)/i. Let a(r) = -r**2 - 20. Give a(u).
-20
Let z = 391 - 252. Let k(v) = -1 - z*v**2 + 67*v**2 + 71*v**2. Determine k(3).
-10
Let n be 0*1/(-2)*(0 + 1). Let v(p) = -5*p + n - 6 + 0 + p**2 + 0*p**2. Determine v(5).
-6
Let y(s) = -s**2 - 5*s. Suppose -7*m + 100 = -3*m. Suppose 0 = -3*a + 8*a + m. Determine y(a).
0
Let p(m) = -15*m**2 - m + 4. Let o(v) = -v**2 + 1. Let i(g) = 4*o(g) - p(g). Give i(1).
12
Let f(a) = 3*a + 2. Suppose -11*o + 16 = -7*o. Give f(o).
14
Let m(n) = 6*n - 5 - 4*n - 4*n. What is m(-7)?
9
Let o(r) be the first derivative of -r**4/4 - 4*r**3/3 - 3*r**2/2 + 1. Let l(q) = -23 + 13 + 4*q + 0. Let v be l(2). What is o(v)?
-2
Let q(x) = -x + 21*x - 8 - 271*x**2 + 538*x**2 - 266*x**2. Give q(-20).
-8
Suppose 0*s + s + 4*q = 73, 3*q - 12 = 0. Let m(t) = -1 + 71*t - s*t + 2. Let p be 0/1 - (1 - 0). Give m(p).
-13
Let a(v) = -v**3 + v**2 - 4. Let b = 994 - 996. What is a(b)?
8
Let q(v) = v + 4. Suppose 9 = 3*k + 6*w - 11*w, -5*k = 4*w - 15. What is q(k)?
7
Let k(r) = 4*r + 3*r + 2*r**2 - 6*r + 2 - 3*r**2. Let u be k(-1). Let o(j) = -3*j + 1. Let y(l) = 2*l. Let d(h) = -3*o(h) - 5*y(h). What is d(u)?
-3
Let g(t) = -t**2 - 3*t + 2. Suppose -15*s + 18*s - 6 = 0. What is g(s)?
-8
Let m(p) be the third derivative of 11*p**4/24 + 7*p**3/6 - 3*p**2 - 63. Calculate m(-3).
-26
Let y(a) = -a**3 - 8*a**2 - 10*a - 8. Suppose 0 = -5*j + 5*d + 30, -5*j + 8 = 2*d - 8. Suppose -p + j = 11. Give y(p).
13
Let x(v) be the second derivative of v**3/3 + v**2/2 - 5*v + 13. Give x(6).
13
Let s be (27 - 23)*(-2)/(-4). Let w(o) = -12*o + 1. Give w(s).
-23
Let b = 203 - -3. Suppose -5*y - 262 = v, 0*y - v + b = -4*y. Let l be 4/(-3)*117/y. Let k(h) = -3*h. Determine k(l).
-9
Let c(p) be the second derivative of p**3/6 + 3*p**2 + p. Let s(a) = 6*a + 8*a - 12 - 29*a + 12*a. Let y(r) = 5*c(r) + 2*s(r). What is y(5)?
1
Suppose 5*v - 20 = -5. Let i(b) = -2*b + 25*b**3 + 28*b**3 - 46*b**v + 0*b - 1. Calculate i(-1).
-6
Let b(u) = u + 4. Suppose 2*m - 7*m = 3*l + 9, 0 = -5*l + m + 13. Suppose -5*f + 1 = -v, f - 2*v - l = 5*f. What is b(f)?
4
Let d(j) = 6*j + 4. Let x(h) = 5*h + 4. Suppose 4*s = 5*s - 10. Suppose 3*w - 5 = s. Let g(f) = w*x(f) - 4*d(f). What is g(0)?
4
Let g(j) = 3*j**2 + j - 1. Let b be g(1). Let a be (4/(-10))/(3 - 64/20). Let h(d) = -d**2 - 5*d**a + 7*d**2. Calculate h(b).
9
Let g be ((-18)/24)/(1/(-12)). Suppose 3*t = g - 0. Let a(c) = -c**3 + 3*c**2 + c + 1. Calculate a(t).
4
Let j(x) = -x**3 - 14*x**2 - 12*x + 13. Let b be j(-13). Let p(q) = -q**2 + b*q**3 + 6*q**3 + 5*q**3. Give p(1).
10
Let u(d) = 2*d**2 + 2*d - 1. Let b(r) = r - 8. Let c = 14 + -7. Suppose 4*n - 2*w = -c*w - 5, -15 = 3*w. Let g be b(n). Calculate u(g).
11
Let o(p) be the first derivative of -p**5/120 + p**4/24 - 68*p**3/3 - 15. Let g(n) be the third derivative of o(n). Let r be 3/((-18)/(-4))*-9. Determine g(r).
7
Let k(f) = -2*f**2 - 2*f + 6. Let m(p) be the second derivative of p**4/12 + p**3/6 - 3*p**2/2 + 8*p. Let o(l) = 6*k(l) + 11*m(l). Calculate o(0).
3
Let f(u) be the first derivative of u**2/2 - 4*u - 5. Let o(m) = 3*m - 9. Let t(b) = 7*f(b) - 3*o(b). Give t(-3).
5
Suppose 2*r = -2*o + 48, -4*r - o = -5*r + 22. Let b(n) = -3*n + 75. What is b(r)?
6
Let z(u) = -124*u + 124*u + 5 - 2*u**2 - 3*u**3 - 4. Calculate z(-1).
2
Let x(k) = 9*k**3 + 4*k**2 - 4*k + 17. Let j(a) = -20*a**3 - 8*a**2 + 9*a - 37. Let i(o) = 4*j(o) + 9*x(o). Let m = 7 + -11. Give i(m).
5
Let x(k) = 2*k**3 - 2*k**2 + 6*k - 1. Let r(z) = z**3 + z - 1. Let p = -27 - -28. Let g(t) = p*x(t) - 3*r(t). What is g(-2)?
-4
Let z(c) = -2*c. Let l be (-9)/((-63)/14) - -4. What is z(l)?
-12
Let d(g) = 13*g**2 - g + 10. Let x(v) = -14*v**2 + v - 12. Let b(p) = -6*d(p) - 5*x(p). Calculate b(-1).
-9
Suppose 5*l - 2*r + 4 = 3*l, l + 3*r = -14. Let b = -8 - l. Let s(x) = x. Let p(o) = 2*o**2 + o + 3. Let h(m) = p(m) + 3*s(m). What is h(b)?
9
Let a be 21 + (6 - 4) + 2/2. Let r = 36 - a. Let w(y) = y**3 - 11*y**2 - 11*y - 9. Calculate w(r).
3
Let l = 843 + -841. Let r(o) be the first derivative of 1/3*o**3 - 2*o**l - 7*o - 8. Calculate r(6).
5
Suppose -9 = -6*b + 3*b. Let v(f) = -f + 5 + 6*f + b*f**2 - f**3 - 2. Calculate v(4).
7
Let c(i) = 5 - i - 3*i + 4*i + 3*i + 0. What is c(-2)?
-1
Let m(i) = -i**3 - 6*i**2 - 2*i + 23. Let p be m(-4). Let r(h) = -1 - 6*h**3 + h + 1. What is r(p)?
5
Let t(c) = 7*c**2 - 4*c + 2. Let k(y) = y**2 + 3*y - 7. Let b be k(-5). Let r be -1 + (-12)/(-1 - b). Determine t(r).
22
Suppose -4*d + 4 + 14 = -5*j, 0 = 5*d + j - 37. Let g(b) = -b + 17. What is g(d)?
10
Let r(q) = 4*q**3 + q**2 - q - 1. Let a(i) = -13*i**3 - 8*i**2 + 8*i - 3. Let k(p) = a(p) + 3*r(p). Give k(-6).
0
Let s(q) = -4*q**3 - 11*q**2 + 9*q - 4. Let l(i) = 3*i**3 + 8*i**2 - 6*i + 3. Let c(g) = -7*l(g) - 5*s(g). Determine c(-2).
9
Suppose 0 = z + 5*l + 32, 5*z + 3*l + 29 = 3*z. Let m(x) = 2*x - 3. Determine m(z).
-17
Let k(g) = -g - 3. Let m be k(-6). Let v(o) = -2*o**2 - 4 + 4 - o**3 + 2*o**m - o. Let h = 181 + -1